ighest common divisor of 9348 and 3823788?
228
What is the greatest common divisor of 3099 and 7906582?
1033
What is the highest common factor of 58 and 7569812?
58
Calculate the highest common divisor of 1574673 and 60960.
381
Calculate the greatest common factor of 90 and 1392210.
90
What is the highest common divisor of 44009085 and 26355?
3765
Calculate the highest common divisor of 56655 and 102945.
15
What is the greatest common divisor of 11403289 and 205?
41
What is the highest common divisor of 420 and 322644?
84
Calculate the highest common factor of 64512 and 42823872.
4032
What is the greatest common divisor of 27297508 and 147?
49
What is the highest common factor of 2239 and 581?
1
What is the highest common factor of 6409 and 9328189?
221
Calculate the greatest common divisor of 517614 and 690.
6
What is the greatest common factor of 15885228 and 48444?
4404
What is the greatest common divisor of 290775594 and 1526?
218
Calculate the highest common divisor of 101 and 1736169497.
101
What is the highest common divisor of 9554 and 20175238?
562
What is the highest common factor of 7 and 494867233?
7
What is the greatest common divisor of 56194264 and 1792?
56
Calculate the highest common factor of 1942720 and 940.
20
What is the highest common divisor of 14160 and 12955515?
885
What is the highest common divisor of 53573551 and 2551?
2551
Calculate the greatest common divisor of 168502507 and 19.
19
What is the highest common factor of 1365 and 616915?
65
Calculate the highest common factor of 2036034 and 31889.
143
Calculate the highest common divisor of 323753 and 116945.
1231
What is the highest common factor of 2 and 280230268?
2
What is the greatest common divisor of 961686732 and 12?
12
Calculate the highest common factor of 448181538 and 5586.
5586
What is the highest common factor of 28036979 and 12021?
4007
What is the highest common divisor of 57129 and 298797?
411
What is the greatest common factor of 42273 and 8217?
99
What is the greatest common divisor of 372565518 and 78?
78
Calculate the greatest common factor of 401790 and 53985.
885
Calculate the highest common factor of 60 and 28897608.
12
What is the greatest common factor of 55230 and 1014?
6
Calculate the greatest common divisor of 15572 and 950808.
916
What is the highest common factor of 3964413 and 2123?
193
Calculate the highest common divisor of 85570 and 289390.
430
Calculate the greatest common factor of 131810060 and 10.
10
What is the greatest common divisor of 353550314 and 13?
13
What is the highest common factor of 184676430 and 6900?
690
Calculate the greatest common divisor of 763764 and 20676.
12
Calculate the highest common factor of 8496 and 6531984.
144
Calculate the highest common divisor of 265089 and 10315503.
957
What is the greatest common factor of 71010 and 495450?
270
Calculate the greatest common divisor of 73530 and 2261.
19
Calculate the greatest common factor of 1509 and 231611883.
1509
What is the highest common divisor of 215972170 and 10?
10
Calculate the greatest common divisor of 10901011 and 621.
23
Calculate the highest common divisor of 36988500 and 2000.
500
Calculate the greatest common divisor of 3121518 and 112682.
206
Calculate the greatest common factor of 24365 and 350845.
55
Calculate the greatest common factor of 16500 and 13425500.
5500
What is the highest common divisor of 1137216 and 8?
8
Calculate the greatest common factor of 3589821 and 9673.
569
Calculate the highest common factor of 837 and 255987.
27
Calculate the greatest common factor of 2573584 and 142064.
208
Calculate the highest common divisor of 64 and 713518.
2
What is the greatest common divisor of 4368 and 53256?
168
What is the highest common factor of 615 and 258478719?
123
What is the greatest common divisor of 22701 and 10003?
7
Calculate the greatest common factor of 14432694 and 408.
102
What is the greatest common factor of 2352 and 758478?
42
What is the highest common factor of 7869 and 648735?
183
What is the greatest common divisor of 20 and 134849810?
10
What is the greatest common divisor of 193131876 and 420?
84
Calculate the greatest common divisor of 184800998 and 218.
218
Calculate the greatest common divisor of 7886722 and 2938.
226
What is the greatest common factor of 68960 and 10270730?
4310
Calculate the greatest common factor of 810819 and 17963.
23
What is the highest common divisor of 180 and 20353380?
60
Calculate the highest common factor of 37 and 44276864.
37
What is the highest common factor of 1058680 and 223174?
266
Calculate the greatest common divisor of 19680 and 1197600.
480
Calculate the highest common factor of 8239992 and 564.
12
Calculate the highest common divisor of 240083 and 31084.
409
What is the highest common divisor of 53641510 and 130?
130
Calculate the highest common divisor of 166870162 and 3490.
698
Calculate the greatest common factor of 32715375 and 1185.
15
What is the highest common divisor of 1009684 and 8242?
26
Calculate the highest common factor of 22491 and 185436.
459
Calculate the greatest common factor of 72 and 3711564.
36
Calculate the greatest common divisor of 738 and 136776.
246
Calculate the highest common divisor of 250719732 and 783.
783
Calculate the greatest common divisor of 48626140 and 115.
115
What is the greatest common divisor of 2296129 and 2563?
11
What is the highest common factor of 14093 and 4250?
17
Calculate the greatest common divisor of 77 and 68050829.
77
Calculate the highest common divisor of 15539 and 159938.
379
What is the greatest common factor of 420096 and 9600?
384
What is the greatest common divisor of 11414972 and 4636?
76
What is the highest common factor of 762433 and 3781463?
5117
Calculate the highest common factor of 2639 and 5176297.
203
Calculate the highest common factor of 1020 and 30656292.
12
What is the greatest common factor of 75865582 and 4966?
4966
Calculate the highest common factor of 296990 and 13560214.
3494
What is the highest common factor of 20 and 230318920?
20
What is the highest common divisor of 39328296 and 42?
42
Calculate the greatest common divisor of 6488785 and 38.
19
Calculate the greatest common divisor of 153668985 and 30.
15
Calculate the greatest common divisor of 54327267 and 28431.
2187
Calculate the highest common factor of 39166821 and 243.
81
Calculate the greatest common factor of 610542 and 694323.
963
What is the highest common factor of 26817 and 8925?
21
What is the greatest common divisor of 60 and 4409985?
15
Calculate the greatest common divisor of 19406825 and 125.
25
What is the greatest common divisor of 561480 and 13800?
120
What is the greatest common factor of 178745 and 427?
7
Calculate the highest common factor of 174 and 4403157.
87
Calculate the highest common divisor of 33324 and 267066867.
8331
Calculate the greatest common divisor of 15351 and 3914862.
357
Calculate the greatest common divisor of 28 and 916293.
7
What is the greatest common divisor of 25649 and 5018?
13
Calculate the highest common factor of 91481 and 3113305.
2951
Calculate the greatest common divisor of 287593 and 122670.
1363
What is the highest common factor of 748 and 206052?
44
What is the greatest common divisor of 2260 and 60625?
5
What is the highest common factor of 33696 and 176696?
104
What is the highest common factor of 5661 and 11764002?
111
Calculate the highest common factor of 180482 and 387942.
82
What is the highest common divisor of 5 and 1214045?
5
What is the greatest common divisor of 58377830 and 85?
85
What is the highest common divisor of 3725660 and 80?
20
Calculate the highest common factor of 156 and 123059742.
78
What is the highest common factor of 5645 and 62382895?
5645
What is the highest common divisor of 79949072 and 56?
56
What is the greatest common factor of 3080 and 12491160?
440
Calculate the greatest common divisor of 304680 and 150.
30
Calculate the highest common factor of 40689 and 199881.
297
Calculate the greatest common divisor of 7931 and 2380301.
77
What is the greatest common factor of 20819 and 2739131?
191
Calculate the greatest common divisor of 10265203 and 13.
13
Calculate the greatest common factor of 4604 and 124889255.
1151
What is the highest common f